se
Is 1298 a multiple of 55?
False
Is 11359 a multiple of 49?
False
Is 8062 a multiple of 58?
True
Is 36 a factor of 1980?
True
Does 27 divide 11016?
True
Is 38 a factor of 8319?
False
Does 11 divide 591?
False
Is 344 a factor of 79943?
False
Is 170 a multiple of 10?
True
Is 35 a factor of 1279?
False
Is 22312 a multiple of 32?
False
Is 457 a multiple of 3?
False
Is 2601 a multiple of 57?
False
Is 66 a factor of 1518?
True
Is 1653 a multiple of 87?
True
Is 88103 a multiple of 140?
False
Does 12 divide 4728?
True
Is 3213 a multiple of 51?
True
Does 16 divide 297?
False
Does 6 divide 522?
True
Does 6 divide 9252?
True
Is 20 a factor of 7073?
False
Is 38 a factor of 38912?
True
Does 131 divide 62419?
False
Is 249 a multiple of 57?
False
Is 15 a factor of 1665?
True
Is 351 a multiple of 6?
False
Does 10 divide 2040?
True
Is 448 a multiple of 8?
True
Is 930 a multiple of 48?
False
Is 23 a factor of 3611?
True
Is 2226 a multiple of 42?
True
Is 1843 a multiple of 19?
True
Does 15 divide 405?
True
Does 89 divide 53756?
True
Is 12 a factor of 26868?
True
Does 39 divide 13455?
True
Is 11598 a multiple of 17?
False
Is 13 a factor of 954?
False
Is 492 a multiple of 41?
True
Is 63881 a multiple of 127?
True
Does 121 divide 2662?
True
Is 3100 a multiple of 2?
True
Is 68 a multiple of 3?
False
Does 170 divide 10370?
True
Is 25632 a multiple of 14?
False
Does 152 divide 11538?
False
Is 12925 a multiple of 47?
True
Is 347 a multiple of 58?
False
Does 11 divide 39?
False
Is 31 a factor of 61039?
True
Does 60 divide 15225?
False
Does 55 divide 6703?
False
Is 5565 a multiple of 53?
True
Is 260 a factor of 10480?
False
Does 57 divide 1938?
True
Does 8 divide 1144?
True
Is 17 a factor of 1052?
False
Does 121 divide 2178?
True
Does 29 divide 264?
False
Is 42 a factor of 1932?
True
Is 14 a factor of 265?
False
Is 27523 a multiple of 7?
False
Is 6304 a multiple of 32?
True
Does 85 divide 43929?
False
Is 49 a multiple of 2?
False
Is 84 a multiple of 16?
False
Is 35 a factor of 13825?
True
Is 5202 a multiple of 51?
True
Does 17 divide 17374?
True
Is 14 a factor of 6454?
True
Is 12563 a multiple of 5?
False
Does 11 divide 38962?
True
Is 13 a factor of 365?
False
Is 141 a factor of 21855?
True
Does 9 divide 9642?
False
Is 143 a multiple of 13?
True
Does 5 divide 2005?
True
Is 890 a multiple of 5?
True
Does 100 divide 4600?
True
Is 13 a factor of 223?
False
Does 9 divide 3972?
False
Is 22881 a multiple of 26?
False
Is 29 a factor of 1827?
True
Is 21 a factor of 17346?
True
Is 30 a factor of 690?
True
Is 75 a factor of 900?
True
Is 845 a multiple of 9?
False
Is 11 a factor of 5775?
True
Does 9 divide 297?
True
Does 34 divide 23424?
False
Does 38 divide 1444?
True
Is 15992 a multiple of 19?
False
Is 11950 a multiple of 24?
False
Does 30 divide 1230?
True
Does 2 divide 166?
True
Is 5 a factor of 1635?
True
Is 775 a multiple of 86?
False
Does 5 divide 114?
False
Is 12 a factor of 576?
True
Is 96 a factor of 4159?
False
Is 55 a factor of 1100?
True
Is 3 a factor of 29292?
True
Is 4263 a multiple of 22?
False
Does 3 divide 246?
True
Is 18 a factor of 1008?
True
Is 105 a factor of 3268?
False
Is 10 a factor of 388?
False
Does 29 divide 3045?
True
Is 15 a factor of 9636?
False
Is 10 a factor of 360?
True
Is 300 a multiple of 34?
False
Does 16 divide 105584?
True
Is 2762 a multiple of 16?
False
Is 132 a factor of 2640?
True
Is 3 a factor of 1249?
False
Is 4878 a multiple of 60?
False
Does 6 divide 27092?
False
Is 172 a factor of 6020?
True
Does 3 divide 141?
True
Is 28 a factor of 3080?
True
Is 158 a multiple of 79?
True
Does 11 divide 121?
True
Is 504 a multiple of 9?
True
Does 37 divide 666?
True
Is 7779 a multiple of 38?
False
Is 7372 a multiple of 11?
False
Does 4 divide 389?
False
Does 64 divide 1610?
False
Does 38 divide 1518?
False
Does 122 divide 4199?
False
Is 53 a factor of 97361?
True
Is 25 a factor of 50350?
True
Is 6 a factor of 1004?
False
Does 6 divide 236?
False
Does 4 divide 9071?
False
Does 48 divide 7488?
True
Does 34 divide 1429?
False
Is 49 a factor of 14504?
True
Is 38 a factor of 798?
True
Is 18601 a multiple of 89?
True
Does 82 divide 2132?
True
Is 107472 a multiple of 24?
True
Does 13 divide 313?
False
Does 19 divide 3300?
False
Is 14 a factor of 140?
True
Is 2899 a multiple of 30?
False
Is 10 a factor of 690?
True
Is 8 a factor of 6192?
True
Does 76 divide 1297?
False
Is 30 a factor of 2200?
False
Is 6936 a multiple of 12?
True
Does 6 divide 366?
True
Is 4028 even?
True
Does 16 divide 444?
False
Does 7 divide 1554?
True
Is 782 a multiple of 23?
True
Does 11 divide 1210?
True
Does 3 divide 1733?
False
Does 7 divide 15342?
False
Is 1860 a multiple of 93?
True
Is 1143 a multiple of 9?
True
Is 464 a multiple of 28?
False
Is 14630 a multiple of 145?
False
Is 18 a factor of 6052?
False
Is 11448 a multiple of 54?
True
Does 39 divide 2028?
True
Does 7 divide 4014?
False
Does 20 divide 256?
False
Is 141 a factor of 11139?
True
Does 8 divide 4632?
True
Is 44413 a multiple of 256?
False
Does 21 divide 82?
False
Does 50 divide 200?
True
Is 8384 a multiple of 7?
False
Is 1362 a multiple of 28?
False
Is 55 a factor of 2145?
True
Does 65 divide 5669?
False
Is 9 a factor of 5535?
True
Does 179 divide 17721?
True
Does 8 divide 2828?
False
Does 25 divide 1700?
True
Does 41 divide 41820?
True
Is 6125 a multiple of 66?
False
Is 952 a multiple of 34?
True
Is 486 a multiple of 18?
True
Does 12 divide 18810?
False
Is 5554 a multiple of 17?
False
Is 68 a factor of 71672?
True
Does 30 divide 486?
False
Is 4 a factor of 12?
True
Is 8 a factor of 210?
False
Is 48 a factor of 240?
True
Is 2365 a multiple of 11?
True
Is 3870 a multiple of 45?
True
Does 102 divide 2829?
False
Does 12 divide 1308?
True
Is 25 a factor of 394?
False
Is 26 a factor of 2834?
True
Is 14504 a multiple of 49?
True
Is 215433 a multiple of 27?
True
Does 77 divide 436?
False
Does 45 divide 3750?
False
Does 22 divide 946?
True
Is 1009 a multiple of 4?
False
Is 29 a factor of 55?
False
Is 217 a multiple of 8?
False
Is 2402 a multiple of 83?
False
Is 5370 a multiple of 10?
True
Does 20 divide 15560?
True
Is 13 a factor of 1027?
True
Is 17860 a multiple of 94?
True
Is 7 a factor of 483?
True
Does 12 divide 42261?
False
Is 19 a multiple of 4?
False
Is 6372 a multiple of 59?
True
Is 184 even?
True
Does 55 divide 86661?
False
Is 7 a factor of 182?
True
Is 6 a factor of 156?
True
Is 336 a multiple of 16?
True
Is 134 a factor of 18894?
True
Is 483 a multiple of 31?
False
Does 10 divide 4172?
False
Is 1242 a multiple of 69?
True
Is 7529 a multiple of 4?
False
Does 3 divide 505?
False
Is 77 a factor of 46816?
True
Is 26246 a multiple of 28?
False
Is 35956 a multiple of 89?
True
Does 67 divide 804?
True
Is 3 a factor of 132?
True
Does 11 divide 12903?
True
Is 8 a factor of 34733?
False
Does 25 divide 300?
True
Does 19 divide 551?
True
Is 237 a multiple of 15?
False
Is 11277 a multiple of 25?
False
Is 36 a factor of 7848?
True
Is 1176 a multiple of 56?
True
Does 15 divide 37460?
False
Is 88 a factor of 36080?
True
Does 190 divide 9712?
False
Is 36608 a multiple of 286?
True
Does 8 divide 1445?
False
Is 32 a factor of 1907?
False
Is 40 a factor of 35080?
True
Is 10 a factor of 2630?
True
Is 8086 a multiple of 47?
False
Is 8775 a multiple of 13?
True
Is 11 a factor of 1001?
True
Does 6 divide 1548?
True
Does 13 divide 13543?
False
Is 15 a factor of 4077?
False
Is 107 a factor of 8988?
True
Is 1655 a multiple of 20?
False
Is 1385 a multiple of 13?
False
Is 1332 a multiple of 12?
True
Does 17 divide 136?
True
Is 28 a factor of 332?
False
Is 9660 a multiple of 115?
True
Is 939 a multiple of 2?
False
Is 35 a factor of 7070?
True
Does 11 divide 45019?
False
Does 6 divide 493?
False
Does 22 divide 38016?
True
Is 19190 a multiple of 34?
False
Does 7 divide 185?
False
Does 13 divide 7072?
True
Is 12593 a multiple of 88?
False
Is 897 a multiple of 9?
False
Does 76 divide 4241?
False
Is 8 a factor of 57?
False
Is 15 a factor of 1755?
True
Does 14 divide 2885?
False
Is 10864 a multiple of 14?
True
Is 1792 a multiple of 3?
False
Does 15 divide 85695?
True
Is 5067 a multiple of 23?
False
Does 10 divide 8365?
False
Is 16 a factor of 688?
True
Does 8 divide 3166?
False
Is 6 a factor of 1848?
True
Is 9 a factor of 338?
False
Is 6757 a mul